 common divisor of b and 9.
9
Let t(w) = w**3 + 10*w**2 + 11*w - 6. Let g be t(-8). Calculate the highest common divisor of 51 and g.
17
Let a = -15 + 39. Calculate the greatest common factor of 168 and a.
24
Let y = -7 + 7. Suppose y*w - 132 = -2*w. What is the highest common divisor of w and 6?
6
Let i(k) = -k + 2. Let y(d) = -3*d + 5. Let z(g) = -11*i(g) + 4*y(g). Let f be z(-9). What is the highest common factor of f and 7?
7
Let a be 2/(-3) + 164/3. Suppose -348 = -3*j - a. Suppose -2*w = -w, 0 = -2*y + 4*w + 28. What is the highest common factor of y and j?
14
Let c(a) = 86*a + 2. Let b be c(-1). Let n = -34 - b. Calculate the greatest common factor of n and 10.
10
Suppose 0*q = 3*q. Suppose q = -0*j - j + 45. What is the greatest common divisor of j and 9?
9
Let y be (6/42 - 0) + 1342/14. What is the highest common divisor of 12 and y?
12
Let z(n) = n**2 - 4*n - 8. Let d be z(6). Let s(v) = 6*v - 6. Let j be s(d). Suppose w - j = 6. What is the highest common divisor of w and 16?
8
Let v = 1 - -1. Let r be (11/v)/((-1)/(-18)). What is the highest common divisor of r and 11?
11
Let q = -13 - -31. Let l = 45 - 27. Let t be 0 + 6*l/4. Calculate the greatest common factor of q and t.
9
Let l be (-10)/15 - 3/(27/(-411)). What is the highest common divisor of l and 18?
9
Let v(p) = 5*p**3 - p**2 + p. Let r be v(1). Suppose 0 = 3*h - 71 + 11. What is the highest common factor of h and r?
5
Let o(x) = 3*x - 12. Let u be o(17). What is the greatest common divisor of 52 and u?
13
Let n(s) = -5*s + 56. Let t be n(6). Calculate the greatest common divisor of 39 and t.
13
Let t(l) = 3*l + 40. Let w be t(-12). Suppose -2*q - 30 = 3*q. Let x be 2/q - (-122)/6. What is the greatest common divisor of w and x?
4
Suppose -4*i + 516 = -3*m, 3*m + 364 = m - 4*i. Let z = -119 - m. Suppose -v - z = -2*k, -3*k - 15 = 5*v - 120. Calculate the highest common factor of 10 and k.
10
Let x(y) = -6*y + 7. Let v be x(6). Let h = 49 + v. What is the highest common factor of h and 5?
5
Let s be 5/(-10)*30/(-3) - 0. What is the greatest common factor of s and 1?
1
Suppose 16*a - 425 - 103 = 0. Calculate the highest common divisor of 33 and a.
33
Let r be ((-16)/6)/((-2)/3). Suppose r*s - 28 = -2*i, -26 = -s - s + 5*i. What is the greatest common factor of 4 and s?
4
Suppose -6 = -z + 5. Calculate the greatest common divisor of z and 1.
1
Let k(s) = 3*s**2 + 1. Let l be k(-1). Let j = -1 + 2. Let u be 27 - j - l/2. Calculate the greatest common factor of 8 and u.
8
Suppose -u - 42 = 2*u. Let m be 2640/78 + 2/13. Let o = m + u. Calculate the greatest common factor of 160 and o.
20
Let u = 1 + -1. Suppose u = 4*z - 3*v - 5, 4*z + 19 = -2*v + 49. Let w be 3*z*44/6. What is the highest common divisor of 22 and w?
22
Suppose 42 = -2*b + 5*b. Suppose 0 = y + 2*y + 15. Let u be (b/5)/(y/(-25)). What is the greatest common factor of 35 and u?
7
Suppose 2*b + 1 = 25. Calculate the greatest common divisor of 60 and b.
12
Let r = 7 + -1. Let t be 5/(-2 - r/(-2)). Let d = -28 - -43. Calculate the greatest common divisor of t and d.
5
Let h = 7 - 1. Let b = -1 + h. Suppose 0*y + 240 = b*y. What is the greatest common factor of y and 16?
16
Let v(t) = 13*t - 4. Let z be v(4). Calculate the greatest common factor of 32 and z.
16
Let h be 2 + -3 + -12*(-5)/15. What is the greatest common divisor of 11 and h?
1
Suppose 0*t + 28 = 4*t. Suppose t*s = 3*s + 8. Suppose 4*f + a = 508, 4*f = -s*a + 443 + 69. Calculate the highest common divisor of f and 14.
14
Let l be (-2)/4*2*-13. Calculate the highest common divisor of l and 91.
13
Let h(y) = y**2 + y. Let a be h(-2). Let x be (-12)/1*(-16)/a. Calculate the greatest common factor of 12 and x.
12
Let r(l) be the third derivative of l**6/120 - 7*l**5/60 + l**4/24 + 2*l**2. Let f be r(8). What is the highest common factor of f and 8?
8
Suppose 0 = -3*w + 5*h - 75 + 13, 0 = 4*w + 5*h + 106. Let g = 34 + w. Let y be 4/g + 86/10. Calculate the highest common factor of 18 and y.
9
Suppose -4*s + 76 = 32. Suppose 0 = 2*f + 2*f - 88. Calculate the highest common divisor of f and s.
11
Suppose -10*s - 44 = -12*s. What is the highest common factor of 88 and s?
22
Let m be 1*-3 - (-220)/(-4). Let n = -14 - m. Let p = 108 - n. Calculate the greatest common divisor of p and 8.
8
Suppose 0 = -5*s + 517 + 473. Calculate the highest common factor of 22 and s.
22
Suppose r + 1 + 8 = 0. Let i(j) = -j + 9. Let c be i(r). Let u = 36 - c. What is the greatest common divisor of u and 90?
18
Suppose 0*v + 6 = -2*v. Let h be (-2 - v) + 1 + -1. Let g be h/(2 - 50/26). Calculate the greatest common divisor of 39 and g.
13
Let z be (-79)/(3/18*-2). Suppose -5*i + 148 + z = 0. Calculate the greatest common factor of 7 and i.
7
Let h = -26 + 12. Let i = 98 - h. Calculate the greatest common factor of i and 16.
16
Suppose z = -0*z, 0 = -5*g - 5*z + 275. Calculate the highest common divisor of g and 22.
11
Let i = -77 - -112. Let q(m) = m + 4. Let h be q(-2). Suppose -p = -h*o - 1 - 2, -2*o = -2. Calculate the highest common divisor of i and p.
5
Suppose q + 4*r - 22 = 0, 5*q + 2*r - r - 148 = 0. Calculate the highest common factor of q and 6.
6
Let u = 19 + -12. Suppose -2*s + u = -s. Let p(f) = -3*f**3 - 3*f**2 - f. Let l be p(-2). What is the highest common divisor of l and s?
7
Let z = 11 - 9. Suppose -3*r + 3*n = -342, 0 = -z*r - 3*r + 4*n + 568. What is the greatest common divisor of 28 and r?
28
Let x be (20/8)/((-2)/(-28)). Let v be (-6)/(-14) - 855/(-63). Calculate the greatest common factor of x and v.
7
Let r(n) = n**2 - 4. Let z be r(-3). Suppose -144 = -y + 3*a, 6*y + z*a = y + 720. Suppose -j = j - y. What is the highest common divisor of 8 and j?
8
Let c(s) = s**3 - 10*s**2 + 9*s + 1. Let w be c(9). Calculate the greatest common divisor of 2 and w.
1
Suppose 5*d = -w - 4*w + 3365, 4*w = 4*d + 2676. Calculate the greatest common factor of 61 and w.
61
Suppose 8*k = -2*r + 10*k + 50, 5*r - 3*k - 125 = 0. What is the greatest common divisor of 225 and r?
25
Let m = 73 + -43. Let f = m - 19. Suppose 3*c + f = 5*p, 11 = c - p + 3*p. Calculate the greatest common factor of 15 and c.
3
Let m(q) = -q**3 - 8*q**2 + 9*q + 2. Let f be m(-9). Suppose 0 = f*b + b - 150. Calculate the greatest common factor of b and 20.
10
Suppose 2*l = 6*l - 24. Suppose -38 = -4*t + 2*j, 0 = -7*t + 8*t + 3*j - 6. Calculate the highest common divisor of t and l.
3
Suppose -15 = 5*n - 85. Let x = -46 - -116. Calculate the highest common divisor of n and x.
14
Let j be -15*(-6 + 2 + (-2)/(-6)). Calculate the greatest common factor of j and 33.
11
Let g(u) = 7*u**3 + 3*u**2 - 2*u. Let w be g(2). Suppose -s - w = -2*s. What is the greatest common divisor of 8 and s?
8
Suppose -88 = 4*k - 2*c, 0*k - 4*c + 113 = -5*k. Let p be (-18)/10*(k + 11). Let z be 181/1 + 0 + -1. Calculate the greatest common factor of p and z.
18
Let b be 21/2 + (-3)/6. Calculate the highest common factor of b and 110.
10
Suppose 0 = -2*p + 1 + 5, -2*h = 4*p - 354. Calculate the highest common factor of h and 19.
19
Let n = 0 - -11. What is the greatest common factor of n and 77?
11
Let v = 19 + 69. Calculate the highest common divisor of v and 11.
11
Let c(b) = b**3 - 9*b**2 + 11*b - 9. Suppose 24 = q + 2*q. Let t be c(q). What is the highest common factor of 30 and t?
15
Suppose -6 = 3*i, -4*c - c = -5*i - 55. Let y = c - -11. Suppose 0 = -n - g + y, 2*n - 3 = 5*g + 2. Calculate the highest common divisor of 165 and n.
15
Let t = 246 - 150. Let w be 9/4*64/6. What is the highest common divisor of t and w?
24
Let b = -19 + 27. What is the greatest common factor of b and 24?
8
Let y = 147 - -49. Calculate the highest common factor of 56 and y.
28
Let w = 134 - -28. Calculate the highest common divisor of w and 18.
18
Let m(h) = -20*h + 5. Let y be m(-5). What is the greatest common divisor of 42 and y?
21
Let z be 10 + (2 - 3) + -1. Suppose -2*b + 4*k - z = -26, -15 = -b + 4*k. Suppose -2*s - 35 = -b*s. What is the highest common factor of 14 and s?
7
Let q be 1 + (-3 - (-4)/1). Suppose -10 = -q*o + 38. Let m be (-1)/(-4) + (-63)/(-4). What is the highest common factor of o and m?
8
Suppose -19 - 17 = -u. Calculate the highest common divisor of u and 12.
12
Let o be (3 + -2)*(-1 + -3). Let m(j) be the second deriv